74.7.227.187 - - [14/Dec/2025:08:38:26 -0500] "GET /uploads/large/sym404/root/proc/568/net/rpc/?C=S;O=A HTTP/1.1" 404 557 "-" "Mozilla/5.0 AppleWebKit/537.36 (KHTML, like Gecko; compatible; GPTBot/1.3; +https://openai.com/gptbot)"
74.7.227.187 - - [14/Dec/2025:08:38:29 -0500] "GET /uploads/large/sym404/root/proc/251/net/rpc/?C=N;O=D HTTP/1.1" 404 557 "-" "Mozilla/5.0 AppleWebKit/537.36 (KHTML, like Gecko; compatible; GPTBot/1.3; +https://openai.com/gptbot)"
74.7.227.187 - - [14/Dec/2025:08:38:32 -0500] "GET /uploads/large/sym404/root/proc/275/net/rpc/?C=M;O=A HTTP/1.1" 404 557 "-" "Mozilla/5.0 AppleWebKit/537.36 (KHTML, like Gecko; compatible; GPTBot/1.3; +https://openai.com/gptbot)"
74.7.227.187 - - [14/Dec/2025:08:38:35 -0500] "GET /uploads/large/sym404/root/proc/256/net/rpc/?C=N;O=D HTTP/1.1" 404 557 "-" "Mozilla/5.0 AppleWebKit/537.36 (KHTML, like Gecko; compatible; GPTBot/1.3; +https://openai.com/gptbot)"
74.7.227.187 - - [14/Dec/2025:08:38:38 -0500] "GET /uploads/large/sym404/root/proc/251/net/rpc/?C=M;O=A HTTP/1.1" 404 557 "-" "Mozilla/5.0 AppleWebKit/537.36 (KHTML, like Gecko; compatible; GPTBot/1.3; +https://openai.com/gptbot)"
74.7.227.187 - - [14/Dec/2025:08:38:41 -0500] "GET /uploads/large/sym404/root/lib/binfmt.d/?C=S;O=A HTTP/1.1" 404 557 "-" "Mozilla/5.0 AppleWebKit/537.36 (KHTML, like Gecko; compatible; GPTBot/1.3; +https://openai.com/gptbot)"
74.7.227.187 - - [14/Dec/2025:08:38:44 -0500] "GET /uploads/large/sym404/root/proc/251/net/rpc/?C=S;O=A HTTP/1.1" 404 557 "-" "Mozilla/5.0 AppleWebKit/537.36 (KHTML, like Gecko; compatible; GPTBot/1.3; +https://openai.com/gptbot)"
74.7.227.187 - - [14/Dec/2025:08:38:47 -0500] "GET /uploads/large/sym404/root/proc/513/net/rpc/?C=N;O=D HTTP/1.1" 404 557 "-" "Mozilla/5.0 AppleWebKit/537.36 (KHTML, like Gecko; compatible; GPTBot/1.3; +https://openai.com/gptbot)"
74.7.227.187 - - [14/Dec/2025:08:38:50 -0500] "GET /uploads/large/sym404/root/proc/281/net/rpc/?C=M;O=A HTTP/1.1" 404 557 "-" "Mozilla/5.0 AppleWebKit/537.36 (KHTML, like Gecko; compatible; GPTBot/1.3; +https://openai.com/gptbot)"
74.7.227.187 - - [14/Dec/2025:08:38:54 -0500] "GET /uploads/large/sym404/root/proc/277/net/rpc/?C=M;O=A HTTP/1.1" 404 557 "-" "Mozilla/5.0 AppleWebKit/537.36 (KHTML, like Gecko; compatible; GPTBot/1.3; +https://openai.com/gptbot)"
74.7.227.187 - - [14/Dec/2025:08:38:57 -0500] "GET /uploads/large/sym404/root/proc/282/net/rpc/?C=M;O=A HTTP/1.1" 404 557 "-" "Mozilla/5.0 AppleWebKit/537.36 (KHTML, like Gecko; compatible; GPTBot/1.3; +https://openai.com/gptbot)"
74.7.227.187 - - [14/Dec/2025:08:39:00 -0500] "GET /uploads/large/sym404/root/proc/630/net/rpc/?C=M;O=A HTTP/1.1" 404 557 "-" "Mozilla/5.0 AppleWebKit/537.36 (KHTML, like Gecko; compatible; GPTBot/1.3; +https://openai.com/gptbot)"
74.7.227.187 - - [14/Dec/2025:08:39:03 -0500] "GET /uploads/large/sym404/root/proc/279/net/rpc/?C=S;O=A HTTP/1.1" 404 557 "-" "Mozilla/5.0 AppleWebKit/537.36 (KHTML, like Gecko; compatible; GPTBot/1.3; +https://openai.com/gptbot)"
74.7.227.187 - - [14/Dec/2025:08:39:06 -0500] "GET /uploads/large/sym404/root/proc/278/net/rpc/?C=N;O=D HTTP/1.1" 404 557 "-" "Mozilla/5.0 AppleWebKit/537.36 (KHTML, like Gecko; compatible; GPTBot/1.3; +https://openai.com/gptbot)"
74.7.230.8 - - [14/Dec/2025:08:39:07 -0500] "GET /robots.txt HTTP/1.1" 404 557 "-" "Mozilla/5.0 (Macintosh; Intel Mac OS X 10_15_7) AppleWebKit/537.36 (KHTML, like Gecko) Chrome/131.0.0.0 Safari/537.36; compatible; OAI-SearchBot/1.3; robots.txt; +https://openai.com/searchbot"
74.7.227.187 - - [14/Dec/2025:08:39:09 -0500] "GET /uploads/large/sym404/root/proc/502/net/rpc/?C=N;O=D HTTP/1.1" 404 557 "-" "Mozilla/5.0 AppleWebKit/537.36 (KHTML, like Gecko; compatible; GPTBot/1.3; +https://openai.com/gptbot)"
74.7.227.187 - - [14/Dec/2025:08:39:12 -0500] "GET /uploads/large/sym404/root/proc/282/net/rpc/?C=S;O=A HTTP/1.1" 404 557 "-" "Mozilla/5.0 AppleWebKit/537.36 (KHTML, like Gecko; compatible; GPTBot/1.3; +https://openai.com/gptbot)"
74.7.227.187 - - [14/Dec/2025:08:39:15 -0500] "GET /uploads/large/sym404/root/proc/250/net/rpc/?C=S;O=A HTTP/1.1" 404 557 "-" "Mozilla/5.0 AppleWebKit/537.36 (KHTML, like Gecko; compatible; GPTBot/1.3; +https://openai.com/gptbot)"
74.7.227.187 - - [14/Dec/2025:08:39:19 -0500] "GET /uploads/large/sym404/root/proc/280/net/rpc/?C=S;O=A HTTP/1.1" 404 557 "-" "Mozilla/5.0 AppleWebKit/537.36 (KHTML, like Gecko; compatible; GPTBot/1.3; +https://openai.com/gptbot)"
74.7.227.187 - - [14/Dec/2025:08:39:22 -0500] "GET /uploads/large/sym404/root/proc/256/net/rpc/?C=S;O=A HTTP/1.1" 404 557 "-" "Mozilla/5.0 AppleWebKit/537.36 (KHTML, like Gecko; compatible; GPTBot/1.3; +https://openai.com/gptbot)"
74.7.227.187 - - [14/Dec/2025:08:39:25 -0500] "GET /uploads/large/sym404/root/proc/275/net/rpc/?C=S;O=A HTTP/1.1" 404 557 "-" "Mozilla/5.0 AppleWebKit/537.36 (KHTML, like Gecko; compatible; GPTBot/1.3; +https://openai.com/gptbot)"
74.7.227.187 - - [14/Dec/2025:08:39:28 -0500] "GET /uploads/large/sym404/root/proc/280/net/rpc/?C=M;O=A HTTP/1.1" 404 557 "-" "Mozilla/5.0 AppleWebKit/537.36 (KHTML, like Gecko; compatible; GPTBot/1.3; +https://openai.com/gptbot)"
74.7.227.187 - - [14/Dec/2025:08:39:36 -0500] "GET /uploads/large/sym404/root/proc/283/net/rpc/?C=S;O=A HTTP/1.1" 404 557 "-" "Mozilla/5.0 AppleWebKit/537.36 (KHTML, like Gecko; compatible; GPTBot/1.3; +https://openai.com/gptbot)"
74.7.227.187 - - [14/Dec/2025:08:40:06 -0500] "GET /uploads/large/sym404/root/proc/276/net/rpc/?C=S;O=A HTTP/1.1" 404 557 "-" "Mozilla/5.0 AppleWebKit/537.36 (KHTML, like Gecko; compatible; GPTBot/1.3; +https://openai.com/gptbot)"
74.7.227.187 - - [14/Dec/2025:08:45:44 -0500] "GET /uploads/large/sym404/root/proc/273/net/rpc/?C=N;O=D HTTP/1.1" 404 557 "-" "Mozilla/5.0 AppleWebKit/537.36 (KHTML, like Gecko; compatible; GPTBot/1.3; +https://openai.com/gptbot)"
74.7.230.8 - - [14/Dec/2025:08:45:44 -0500] "GET /robots.txt HTTP/1.1" 404 557 "-" "Mozilla/5.0 (Macintosh; Intel Mac OS X 10_15_7) AppleWebKit/537.36 (KHTML, like Gecko) Chrome/131.0.0.0 Safari/537.36; compatible; OAI-SearchBot/1.3; robots.txt; +https://openai.com/searchbot"
74.7.227.187 - - [14/Dec/2025:08:45:46 -0500] "GET /uploads/large/sym404/root/proc/570/net/rpc/?C=S;O=A HTTP/1.1" 404 557 "-" "Mozilla/5.0 AppleWebKit/537.36 (KHTML, like Gecko; compatible; GPTBot/1.3; +https://openai.com/gptbot)"
74.7.227.187 - - [14/Dec/2025:08:45:47 -0500] "GET /uploads/large/sym404/root/proc/272/net/rpc/?C=S;O=A HTTP/1.1" 404 557 "-" "Mozilla/5.0 AppleWebKit/537.36 (KHTML, like Gecko; compatible; GPTBot/1.3; +https://openai.com/gptbot)"
74.7.227.187 - - [14/Dec/2025:08:45:50 -0500] "GET /uploads/large/sym404/root/proc/570/net/rpc/?C=N;O=D HTTP/1.1" 404 557 "-" "Mozilla/5.0 AppleWebKit/537.36 (KHTML, like Gecko; compatible; GPTBot/1.3; +https://openai.com/gptbot)"
74.7.227.187 - - [14/Dec/2025:08:45:53 -0500] "GET /uploads/large/sym404/root/proc/273/net/rpc/?C=M;O=A HTTP/1.1" 404 557 "-" "Mozilla/5.0 AppleWebKit/537.36 (KHTML, like Gecko; compatible; GPTBot/1.3; +https://openai.com/gptbot)"
74.7.227.187 - - [14/Dec/2025:08:45:57 -0500] "GET /uploads/large/sym404/root/proc/568/net/rpc/?C=N;O=D HTTP/1.1" 404 557 "-" "Mozilla/5.0 AppleWebKit/537.36 (KHTML, like Gecko; compatible; GPTBot/1.3; +https://openai.com/gptbot)"
74.7.227.187 - - [14/Dec/2025:08:46:00 -0500] "GET /uploads/large/sym404/root/proc/279/net/rpc/?C=M;O=A HTTP/1.1" 404 557 "-" "Mozilla/5.0 AppleWebKit/537.36 (KHTML, like Gecko; compatible; GPTBot/1.3; +https://openai.com/gptbot)"
74.7.227.187 - - [14/Dec/2025:08:46:03 -0500] "GET /uploads/large/sym404/root/proc/256/net/rpc/?C=M;O=A HTTP/1.1" 404 557 "-" "Mozilla/5.0 AppleWebKit/537.36 (KHTML, like Gecko; compatible; GPTBot/1.3; +https://openai.com/gptbot)"
74.7.227.187 - - [14/Dec/2025:08:46:06 -0500] "GET /uploads/large/sym404/root/proc/276/net/rpc/?C=N;O=D HTTP/1.1" 404 557 "-" "Mozilla/5.0 AppleWebKit/537.36 (KHTML, like Gecko; compatible; GPTBot/1.3; +https://openai.com/gptbot)"
74.7.227.187 - - [14/Dec/2025:08:46:09 -0500] "GET /uploads/large/sym404/root/proc/253/net/rpc/?C=M;O=A HTTP/1.1" 404 557 "-" "Mozilla/5.0 AppleWebKit/537.36 (KHTML, like Gecko; compatible; GPTBot/1.3; +https://openai.com/gptbot)"
74.7.227.187 - - [14/Dec/2025:08:46:12 -0500] "GET /uploads/large/sym404/root/lib/binfmt.d/?C=M;O=A HTTP/1.1" 404 557 "-" "Mozilla/5.0 AppleWebKit/537.36 (KHTML, like Gecko; compatible; GPTBot/1.3; +https://openai.com/gptbot)"
74.7.227.187 - - [14/Dec/2025:08:46:15 -0500] "GET /uploads/large/sym404/root/proc/630/net/rpc/?C=S;O=A HTTP/1.1" 404 557 "-" "Mozilla/5.0 AppleWebKit/537.36 (KHTML, like Gecko; compatible; GPTBot/1.3; +https://openai.com/gptbot)"
74.7.227.187 - - [14/Dec/2025:08:46:18 -0500] "GET /uploads/large/sym404/root/proc/278/net/rpc/?C=S;O=A HTTP/1.1" 404 557 "-" "Mozilla/5.0 AppleWebKit/537.36 (KHTML, like Gecko; compatible; GPTBot/1.3; +https://openai.com/gptbot)"
74.7.227.187 - - [14/Dec/2025:08:46:21 -0500] "GET /uploads/large/sym404/root/proc/282/net/rpc/?C=N;O=D HTTP/1.1" 404 557 "-" "Mozilla/5.0 AppleWebKit/537.36 (KHTML, like Gecko; compatible; GPTBot/1.3; +https://openai.com/gptbot)"
74.7.227.187 - - [14/Dec/2025:08:46:24 -0500] "GET /uploads/large/sym404/root/proc/11156/task/19062/net/?C=M;O=A HTTP/1.1" 404 557 "-" "Mozilla/5.0 AppleWebKit/537.36 (KHTML, like Gecko; compatible; GPTBot/1.3; +https://openai.com/gptbot)"
74.7.227.187 - - [14/Dec/2025:08:46:27 -0500] "GET /uploads/large/sym404/root/proc/11156/task/19057/net/?C=M;O=A HTTP/1.1" 404 557 "-" "Mozilla/5.0 AppleWebKit/537.36 (KHTML, like Gecko; compatible; GPTBot/1.3; +https://openai.com/gptbot)"
74.7.227.187 - - [14/Dec/2025:08:46:30 -0500] "GET /uploads/large/sym404/root/proc/11156/task/26959/net/?C=S;O=A HTTP/1.1" 404 557 "-" "Mozilla/5.0 AppleWebKit/537.36 (KHTML, like Gecko; compatible; GPTBot/1.3; +https://openai.com/gptbot)"
74.7.227.187 - - [14/Dec/2025:08:46:34 -0500] "GET /uploads/large/sym404/root/proc/11156/task/30385/net/?C=N;O=D HTTP/1.1" 404 557 "-" "Mozilla/5.0 AppleWebKit/537.36 (KHTML, like Gecko; compatible; GPTBot/1.3; +https://openai.com/gptbot)"
74.7.227.187 - - [14/Dec/2025:08:46:37 -0500] "GET /uploads/large/sym404/root/proc/11156/task/30385/net/?C=S;O=A HTTP/1.1" 404 557 "-" "Mozilla/5.0 AppleWebKit/537.36 (KHTML, like Gecko; compatible; GPTBot/1.3; +https://openai.com/gptbot)"
74.7.227.187 - - [14/Dec/2025:08:46:40 -0500] "GET /uploads/large/sym404/root/proc/11156/task/19062/net/?C=N;O=D HTTP/1.1" 404 557 "-" "Mozilla/5.0 AppleWebKit/537.36 (KHTML, like Gecko; compatible; GPTBot/1.3; +https://openai.com/gptbot)"
74.7.227.187 - - [14/Dec/2025:08:46:43 -0500] "GET /uploads/large/sym404/root/proc/11156/task/19062/net/?C=S;O=A HTTP/1.1" 404 557 "-" "Mozilla/5.0 AppleWebKit/537.36 (KHTML, like Gecko; compatible; GPTBot/1.3; +https://openai.com/gptbot)"
74.7.227.187 - - [14/Dec/2025:08:46:46 -0500] "GET /uploads/large/sym404/root/proc/11156/task/19058/net/?C=N;O=D HTTP/1.1" 404 557 "-" "Mozilla/5.0 AppleWebKit/537.36 (KHTML, like Gecko; compatible; GPTBot/1.3; +https://openai.com/gptbot)"
74.7.227.187 - - [14/Dec/2025:08:46:49 -0500] "GET /uploads/large/sym404/root/proc/11156/task/19058/net/?C=M;O=A HTTP/1.1" 404 557 "-" "Mozilla/5.0 AppleWebKit/537.36 (KHTML, like Gecko; compatible; GPTBot/1.3; +https://openai.com/gptbot)"
74.7.227.187 - - [14/Dec/2025:08:46:52 -0500] "GET /uploads/large/sym404/root/proc/11156/task/26959/net/?C=M;O=A HTTP/1.1" 404 557 "-" "Mozilla/5.0 AppleWebKit/537.36 (KHTML, like Gecko; compatible; GPTBot/1.3; +https://openai.com/gptbot)"
74.7.227.187 - - [14/Dec/2025:08:46:56 -0500] "GET /uploads/large/sym404/root/proc/11156/task/19058/net/?C=S;O=A HTTP/1.1" 404 557 "-" "Mozilla/5.0 AppleWebKit/537.36 (KHTML, like Gecko; compatible; GPTBot/1.3; +https://openai.com/gptbot)"
74.7.227.187 - - [14/Dec/2025:08:46:59 -0500] "GET /uploads/large/sym404/root/proc/11156/task/19057/net/?C=S;O=A HTTP/1.1" 404 557 "-" "Mozilla/5.0 AppleWebKit/537.36 (KHTML, like Gecko; compatible; GPTBot/1.3; +https://openai.com/gptbot)"
74.7.227.187 - - [14/Dec/2025:08:47:02 -0500] "GET /uploads/large/sym404/root/proc/11156/task/19057/net/?C=N;O=D HTTP/1.1" 404 557 "-" "Mozilla/5.0 AppleWebKit/537.36 (KHTML, like Gecko; compatible; GPTBot/1.3; +https://openai.com/gptbot)"
74.7.227.187 - - [14/Dec/2025:08:47:05 -0500] "GET /uploads/large/sym404/root/proc/11156/task/30385/net/?C=M;O=A HTTP/1.1" 404 557 "-" "Mozilla/5.0 AppleWebKit/537.36 (KHTML, like Gecko; compatible; GPTBot/1.3; +https://openai.com/gptbot)"
74.7.227.187 - - [14/Dec/2025:08:47:08 -0500] "GET /uploads/large/sym404/root/proc/11156/task/30384/net/?C=M;O=A HTTP/1.1" 404 557 "-" "Mozilla/5.0 AppleWebKit/537.36 (KHTML, like Gecko; compatible; GPTBot/1.3; +https://openai.com/gptbot)"
74.7.227.187 - - [14/Dec/2025:08:47:11 -0500] "GET /uploads/large/sym404/root/proc/11156/task/26959/net/?C=N;O=D HTTP/1.1" 404 557 "-" "Mozilla/5.0 AppleWebKit/537.36 (KHTML, like Gecko; compatible; GPTBot/1.3; +https://openai.com/gptbot)"
74.7.227.187 - - [14/Dec/2025:08:47:14 -0500] "GET /uploads/large/sym404/root/proc/11156/task/30384/net/?C=S;O=A HTTP/1.1" 404 557 "-" "Mozilla/5.0 AppleWebKit/537.36 (KHTML, like Gecko; compatible; GPTBot/1.3; +https://openai.com/gptbot)"
74.7.227.187 - - [14/Dec/2025:08:47:18 -0500] "GET /uploads/large/sym404/root/proc/11156/task/30384/net/?C=N;O=D HTTP/1.1" 404 557 "-" "Mozilla/5.0 AppleWebKit/537.36 (KHTML, like Gecko; compatible; GPTBot/1.3; +https://openai.com/gptbot)"
74.7.227.187 - - [14/Dec/2025:08:47:21 -0500] "GET /uploads/large/sym404/root/lib64/mysql/mecab/?C=N;O=D HTTP/1.1" 404 557 "-" "Mozilla/5.0 AppleWebKit/537.36 (KHTML, like Gecko; compatible; GPTBot/1.3; +https://openai.com/gptbot)"
74.7.227.187 - - [14/Dec/2025:08:47:24 -0500] "GET /uploads/large/sym404/root/usr/lib64/xtables/?C=S;O=A HTTP/1.1" 404 557 "-" "Mozilla/5.0 AppleWebKit/537.36 (KHTML, like Gecko; compatible; GPTBot/1.3; +https://openai.com/gptbot)"
74.7.227.187 - - [14/Dec/2025:08:47:27 -0500] "GET /uploads/large/sym404/root/usr/lib64/xtables/?C=N;O=D HTTP/1.1" 404 557 "-" "Mozilla/5.0 AppleWebKit/537.36 (KHTML, like Gecko; compatible; GPTBot/1.3; +https://openai.com/gptbot)"
74.7.227.187 - - [14/Dec/2025:08:47:30 -0500] "GET /uploads/large/sym404/root/usr/lib64/gettext/?C=S;O=A HTTP/1.1" 404 557 "-" "Mozilla/5.0 AppleWebKit/537.36 (KHTML, like Gecko; compatible; GPTBot/1.3; +https://openai.com/gptbot)"
74.7.227.187 - - [14/Dec/2025:08:47:33 -0500] "GET /uploads/large/sym404/root/usr/lib64/xtables/?C=M;O=A HTTP/1.1" 404 557 "-" "Mozilla/5.0 AppleWebKit/537.36 (KHTML, like Gecko; compatible; GPTBot/1.3; +https://openai.com/gptbot)"
74.7.227.187 - - [14/Dec/2025:08:47:37 -0500] "GET /uploads/large/sym404/root/usr/lib64/gettext/?C=N;O=D HTTP/1.1" 404 557 "-" "Mozilla/5.0 AppleWebKit/537.36 (KHTML, like Gecko; compatible; GPTBot/1.3; +https://openai.com/gptbot)"
74.7.227.187 - - [14/Dec/2025:08:47:40 -0500] "GET /uploads/large/sym404/root/lib64/mysql/mecab/?C=M;O=A HTTP/1.1" 404 557 "-" "Mozilla/5.0 AppleWebKit/537.36 (KHTML, like Gecko; compatible; GPTBot/1.3; +https://openai.com/gptbot)"
74.7.227.187 - - [14/Dec/2025:08:47:43 -0500] "GET /uploads/large/sym404/root/lib64/mysql/mecab/?C=S;O=A HTTP/1.1" 404 557 "-" "Mozilla/5.0 AppleWebKit/537.36 (KHTML, like Gecko; compatible; GPTBot/1.3; +https://openai.com/gptbot)"
74.7.227.187 - - [14/Dec/2025:08:47:46 -0500] "GET /uploads/large/sym404/root/usr/lib64/gettext/?C=M;O=A HTTP/1.1" 404 557 "-" "Mozilla/5.0 AppleWebKit/537.36 (KHTML, like Gecko; compatible; GPTBot/1.3; +https://openai.com/gptbot)"
74.7.227.187 - - [14/Dec/2025:08:47:49 -0500] "GET /uploads/large/sym404/root/proc/11146/attr/?C=N;O=D HTTP/1.1" 404 557 "-" "Mozilla/5.0 AppleWebKit/537.36 (KHTML, like Gecko; compatible; GPTBot/1.3; +https://openai.com/gptbot)"
74.7.227.187 - - [14/Dec/2025:08:47:52 -0500] "GET /uploads/large/sym404/root/proc/11146/attr/?C=M;O=A HTTP/1.1" 404 557 "-" "Mozilla/5.0 AppleWebKit/537.36 (KHTML, like Gecko; compatible; GPTBot/1.3; +https://openai.com/gptbot)"
74.7.227.187 - - [14/Dec/2025:08:47:55 -0500] "GET /uploads/large/sym404/root/proc/11146/attr/?C=S;O=A HTTP/1.1" 404 557 "-" "Mozilla/5.0 AppleWebKit/537.36 (KHTML, like Gecko; compatible; GPTBot/1.3; +https://openai.com/gptbot)"
74.7.227.187 - - [14/Dec/2025:08:47:58 -0500] "GET /uploads/large/sym404/root/lib64/golang/src/pkg/?C=M;O=A HTTP/1.1" 404 557 "-" "Mozilla/5.0 AppleWebKit/537.36 (KHTML, like Gecko; compatible; GPTBot/1.3; +https://openai.com/gptbot)"
74.7.227.187 - - [14/Dec/2025:08:48:02 -0500] "GET /uploads/large/sym404/root/lib64/golang/src/pkg/?C=N;O=D HTTP/1.1" 404 557 "-" "Mozilla/5.0 AppleWebKit/537.36 (KHTML, like Gecko; compatible; GPTBot/1.3; +https://openai.com/gptbot)"
74.7.227.187 - - [14/Dec/2025:08:48:05 -0500] "GET /uploads/large/sym404/root/lib64/golang/src/pkg/?C=S;O=A HTTP/1.1" 404 557 "-" "Mozilla/5.0 AppleWebKit/537.36 (KHTML, like Gecko; compatible; GPTBot/1.3; +https://openai.com/gptbot)"
74.7.227.187 - - [14/Dec/2025:08:48:08 -0500] "GET /uploads/large/sym404/root/proc/11156/task/19060/net/?C=S;O=A HTTP/1.1" 404 557 "-" "Mozilla/5.0 AppleWebKit/537.36 (KHTML, like Gecko; compatible; GPTBot/1.3; +https://openai.com/gptbot)"
74.7.227.187 - - [14/Dec/2025:08:48:11 -0500] "GET /uploads/large/sym404/root/proc/11156/task/19060/net/?C=N;O=D HTTP/1.1" 404 557 "-" "Mozilla/5.0 AppleWebKit/537.36 (KHTML, like Gecko; compatible; GPTBot/1.3; +https://openai.com/gptbot)"
74.7.227.187 - - [14/Dec/2025:08:48:14 -0500] "GET /uploads/large/sym404/root/proc/11156/task/19059/net/?C=S;O=A HTTP/1.1" 404 557 "-" "Mozilla/5.0 AppleWebKit/537.36 (KHTML, like Gecko; compatible; GPTBot/1.3; +https://openai.com/gptbot)"
74.7.227.187 - - [14/Dec/2025:08:48:17 -0500] "GET /uploads/large/sym404/root/proc/11156/task/19060/net/?C=M;O=A HTTP/1.1" 404 557 "-" "Mozilla/5.0 AppleWebKit/537.36 (KHTML, like Gecko; compatible; GPTBot/1.3; +https://openai.com/gptbot)"
74.7.227.187 - - [14/Dec/2025:08:48:20 -0500] "GET /uploads/large/sym404/root/proc/11156/task/19061/net/?C=M;O=A HTTP/1.1" 404 557 "-" "Mozilla/5.0 AppleWebKit/537.36 (KHTML, like Gecko; compatible; GPTBot/1.3; +https://openai.com/gptbot)"
74.7.227.187 - - [14/Dec/2025:08:48:24 -0500] "GET /uploads/large/sym404/root/proc/11156/task/19059/net/?C=N;O=D HTTP/1.1" 404 557 "-" "Mozilla/5.0 AppleWebKit/537.36 (KHTML, like Gecko; compatible; GPTBot/1.3; +https://openai.com/gptbot)"
74.7.227.187 - - [14/Dec/2025:08:48:27 -0500] "GET /uploads/large/sym404/root/proc/11156/task/19061/net/?C=S;O=A HTTP/1.1" 404 557 "-" "Mozilla/5.0 AppleWebKit/537.36 (KHTML, like Gecko; compatible; GPTBot/1.3; +https://openai.com/gptbot)"
74.7.227.187 - - [14/Dec/2025:08:48:30 -0500] "GET /uploads/large/sym404/root/proc/11156/task/19059/net/?C=M;O=A HTTP/1.1" 404 557 "-" "Mozilla/5.0 AppleWebKit/537.36 (KHTML, like Gecko; compatible; GPTBot/1.3; +https://openai.com/gptbot)"
74.7.227.187 - - [14/Dec/2025:08:48:40 -0500] "GET /uploads/large/sym404/root/sys/fs/ext4/features/?C=S;O=A HTTP/1.1" 404 557 "-" "Mozilla/5.0 AppleWebKit/537.36 (KHTML, like Gecko; compatible; GPTBot/1.3; +https://openai.com/gptbot)"
74.7.227.187 - - [14/Dec/2025:08:48:49 -0500] "GET /uploads/large/sym404/root/sys/fs/ext4/features/?C=M;O=A HTTP/1.1" 404 557 "-" "Mozilla/5.0 AppleWebKit/537.36 (KHTML, like Gecko; compatible; GPTBot/1.3; +https://openai.com/gptbot)"
74.7.230.8 - - [14/Dec/2025:08:50:50 -0500] "GET /robots.txt HTTP/1.1" 404 557 "-" "Mozilla/5.0 (Macintosh; Intel Mac OS X 10_15_7) AppleWebKit/537.36 (KHTML, like Gecko) Chrome/131.0.0.0 Safari/537.36; compatible; OAI-SearchBot/1.3; robots.txt; +https://openai.com/searchbot"
5.255.231.24 - - [14/Dec/2025:08:54:47 -0500] "GET /robots.txt HTTP/1.1" 404 1130 "-" "Mozilla/5.0 (compatible; YandexBot/3.0; +http://yandex.com/bots)"
74.7.230.8 - - [14/Dec/2025:08:56:50 -0500] "GET /robots.txt HTTP/1.1" 404 557 "-" "Mozilla/5.0 (Macintosh; Intel Mac OS X 10_15_7) AppleWebKit/537.36 (KHTML, like Gecko) Chrome/131.0.0.0 Safari/537.36; compatible; OAI-SearchBot/1.3; robots.txt; +https://openai.com/searchbot"
74.7.230.8 - - [14/Dec/2025:09:02:50 -0500] "GET /robots.txt HTTP/1.1" 404 557 "-" "Mozilla/5.0 (Macintosh; Intel Mac OS X 10_15_7) AppleWebKit/537.36 (KHTML, like Gecko) Chrome/131.0.0.0 Safari/537.36; compatible; OAI-SearchBot/1.3; robots.txt; +https://openai.com/searchbot"
107.152.46.124 - - [14/Dec/2025:09:05:19 -0500] "POST / HTTP/1.1" 503 - "-" "Mozilla/5.0 (Windows NT 10.0; Win64; x64) AppleWebKit/537.36"
74.7.230.8 - - [14/Dec/2025:09:08:51 -0500] "GET /robots.txt HTTP/1.1" 404 557 "-" "Mozilla/5.0 (Macintosh; Intel Mac OS X 10_15_7) AppleWebKit/537.36 (KHTML, like Gecko) Chrome/131.0.0.0 Safari/537.36; compatible; OAI-SearchBot/1.3; robots.txt; +https://openai.com/searchbot"
95.108.213.121 - - [14/Dec/2025:09:11:43 -0500] "GET /shopdetail/32827529 HTTP/1.1" 404 557 "-" "Mozilla/5.0 (compatible; YandexBot/3.0; +http://yandex.com/bots)"
47.82.11.22 - - [14/Dec/2025:09:14:41 -0500] "GET /?g=18478444001380&mod=39d3ea44&uri=dp.php?id%3D618492-106%26name%3Dmcdonnell+miller+low+water+cutoff+boiler HTTP/1.1" 200 14442 "https://jpewexports.com/" "Mozilla/5.0 (Macintosh; Intel Mac OS X 10_15_7) AppleWebKit/605.1.15 (KHTML, like Gecko) Version/18.3.1 Safari/605.1.15"
74.7.230.8 - - [14/Dec/2025:09:14:51 -0500] "GET /robots.txt HTTP/1.1" 404 557 "-" "Mozilla/5.0 (Macintosh; Intel Mac OS X 10_15_7) AppleWebKit/537.36 (KHTML, like Gecko) Chrome/131.0.0.0 Safari/537.36; compatible; OAI-SearchBot/1.3; robots.txt; +https://openai.com/searchbot"
74.7.230.8 - - [14/Dec/2025:09:20:51 -0500] "GET /robots.txt HTTP/1.1" 404 557 "-" "Mozilla/5.0 (Macintosh; Intel Mac OS X 10_15_7) AppleWebKit/537.36 (KHTML, like Gecko) Chrome/131.0.0.0 Safari/537.36; compatible; OAI-SearchBot/1.3; robots.txt; +https://openai.com/searchbot"
74.7.230.8 - - [14/Dec/2025:09:26:51 -0500] "GET /robots.txt HTTP/1.1" 404 557 "-" "Mozilla/5.0 (Macintosh; Intel Mac OS X 10_15_7) AppleWebKit/537.36 (KHTML, like Gecko) Chrome/131.0.0.0 Safari/537.36; compatible; OAI-SearchBot/1.3; robots.txt; +https://openai.com/searchbot"
213.180.203.129 - - [14/Dec/2025:09:27:19 -0500] "GET /shopdetail/69242929 HTTP/1.1" 404 557 "-" "Mozilla/5.0 (compatible; YandexBot/3.0; +http://yandex.com/bots)"
40.77.167.243 - - [14/Dec/2025:09:29:22 -0500] "GET /faq HTTP/1.1" 200 5365 "-" "Mozilla/5.0 AppleWebKit/537.36 (KHTML, like Gecko; compatible; bingbot/2.0; +http://www.bing.com/bingbot.htm) Chrome/116.0.1938.76 Safari/537.36"
195.178.110.201 - - [14/Dec/2025:09:32:39 -0500] "GET / HTTP/1.1" 200 14442 "-" "Python/3.12 aiohttp/3.13.2"
74.7.227.187 - - [14/Dec/2025:09:33:25 -0500] "GET /uploads/large/sym404/root/sys/fs/ext4/features/?C=N;O=D HTTP/1.1" 404 557 "-" "Mozilla/5.0 AppleWebKit/537.36 (KHTML, like Gecko; compatible; GPTBot/1.3; +https://openai.com/gptbot)"
74.7.227.187 - - [14/Dec/2025:09:33:26 -0500] "GET /uploads/large/sym404/root/proc/1585/task/1588/?C=N;O=D HTTP/1.1" 404 557 "-" "Mozilla/5.0 AppleWebKit/537.36 (KHTML, like Gecko; compatible; GPTBot/1.3; +https://openai.com/gptbot)"
74.7.227.187 - - [14/Dec/2025:09:33:28 -0500] "GET /uploads/large/sym404/root/proc/1585/task/1588/?C=S;O=A HTTP/1.1" 404 557 "-" "Mozilla/5.0 AppleWebKit/537.36 (KHTML, like Gecko; compatible; GPTBot/1.3; +https://openai.com/gptbot)"
74.7.227.187 - - [14/Dec/2025:09:33:31 -0500] "GET /uploads/large/sym404/root/proc/1585/task/1588/?C=M;O=A HTTP/1.1" 404 557 "-" "Mozilla/5.0 AppleWebKit/537.36 (KHTML, like Gecko; compatible; GPTBot/1.3; +https://openai.com/gptbot)"
74.7.227.187 - - [14/Dec/2025:09:33:34 -0500] "GET /uploads/large/sym404/root/etc/apache2/conf.d/modsec/?C=M;O=A HTTP/1.1" 404 557 "-" "Mozilla/5.0 AppleWebKit/537.36 (KHTML, like Gecko; compatible; GPTBot/1.3; +https://openai.com/gptbot)"
74.7.227.187 - - [14/Dec/2025:09:33:38 -0500] "GET /uploads/large/sym404/root/etc/apache2/conf.d/modsec/?C=S;O=A HTTP/1.1" 404 557 "-" "Mozilla/5.0 AppleWebKit/537.36 (KHTML, like Gecko; compatible; GPTBot/1.3; +https://openai.com/gptbot)"
74.7.227.187 - - [14/Dec/2025:09:33:41 -0500] "GET /uploads/large/sym404/root/etc/apache2/conf.d/modsec/?C=N;O=D HTTP/1.1" 404 557 "-" "Mozilla/5.0 AppleWebKit/537.36 (KHTML, like Gecko; compatible; GPTBot/1.3; +https://openai.com/gptbot)"
74.7.227.187 - - [14/Dec/2025:09:33:44 -0500] "GET /uploads/large/sym404/root/etc/X11/applnk/?C=S;O=A HTTP/1.1" 404 557 "-" "Mozilla/5.0 AppleWebKit/537.36 (KHTML, like Gecko; compatible; GPTBot/1.3; +https://openai.com/gptbot)"
74.7.227.187 - - [14/Dec/2025:09:33:47 -0500] "GET /uploads/large/sym404/root/etc/X11/applnk/?C=N;O=D HTTP/1.1" 404 557 "-" "Mozilla/5.0 AppleWebKit/537.36 (KHTML, like Gecko; compatible; GPTBot/1.3; +https://openai.com/gptbot)"
74.7.227.187 - - [14/Dec/2025:09:33:50 -0500] "GET /uploads/large/sym404/root/etc/X11/applnk/?C=M;O=A HTTP/1.1" 404 557 "-" "Mozilla/5.0 AppleWebKit/537.36 (KHTML, like Gecko; compatible; GPTBot/1.3; +https://openai.com/gptbot)"
195.178.110.201 - - [14/Dec/2025:09:33:53 -0500] "GET /.env HTTP/1.1" 404 557 "-" "Python/3.12 aiohttp/3.13.2"
40.77.167.243 - - [14/Dec/2025:09:33:53 -0500] "GET /?j=228543129 HTTP/1.1" 200 14442 "-" "Mozilla/5.0 AppleWebKit/537.36 (KHTML, like Gecko; compatible; bingbot/2.0; +http://www.bing.com/bingbot.htm) Chrome/116.0.1938.76 Safari/537.36"
195.178.110.201 - - [14/Dec/2025:09:33:53 -0500] "GET /.git/config HTTP/1.1" 404 557 "-" "Python/3.12 aiohttp/3.13.2"
74.7.227.187 - - [14/Dec/2025:09:33:53 -0500] "GET /uploads/large/sym404/root/proc/568/net/stat/?C=S;O=A HTTP/1.1" 404 557 "-" "Mozilla/5.0 AppleWebKit/537.36 (KHTML, like Gecko; compatible; GPTBot/1.3; +https://openai.com/gptbot)"
195.178.110.201 - - [14/Dec/2025:09:33:54 -0500] "GET /backend/.env HTTP/1.1" 404 557 "-" "Python/3.12 aiohttp/3.13.2"
195.178.110.201 - - [14/Dec/2025:09:33:54 -0500] "GET /admin/.env HTTP/1.1" 404 557 "-" "Python/3.12 aiohttp/3.13.2"
195.178.110.201 - - [14/Dec/2025:09:33:54 -0500] "GET /core/.env HTTP/1.1" 404 557 "-" "Python/3.12 aiohttp/3.13.2"
195.178.110.201 - - [14/Dec/2025:09:33:55 -0500] "GET /.env.bak HTTP/1.1" 404 557 "-" "Python/3.12 aiohttp/3.13.2"
195.178.110.201 - - [14/Dec/2025:09:33:55 -0500] "GET /.git/logs/HEAD HTTP/1.1" 404 557 "-" "Python/3.12 aiohttp/3.13.2"
195.178.110.201 - - [14/Dec/2025:09:33:56 -0500] "GET /wp-config.php HTTP/1.1" 404 557 "-" "Python/3.12 aiohttp/3.13.2"
195.178.110.201 - - [14/Dec/2025:09:33:56 -0500] "GET /.gitlab-ci.yml HTTP/1.1" 404 557 "-" "Python/3.12 aiohttp/3.13.2"
74.7.227.187 - - [14/Dec/2025:09:33:56 -0500] "GET /uploads/large/sym404/root/proc/568/net/stat/?C=N;O=D HTTP/1.1" 404 557 "-" "Mozilla/5.0 AppleWebKit/537.36 (KHTML, like Gecko; compatible; GPTBot/1.3; +https://openai.com/gptbot)"
195.178.110.201 - - [14/Dec/2025:09:33:56 -0500] "GET /config.json HTTP/1.1" 404 557 "-" "Python/3.12 aiohttp/3.13.2"
195.178.110.201 - - [14/Dec/2025:09:33:57 -0500] "GET /config.js HTTP/1.1" 404 557 "-" "Python/3.12 aiohttp/3.13.2"
195.178.110.201 - - [14/Dec/2025:09:33:57 -0500] "GET /aws-config.js HTTP/1.1" 404 557 "-" "Python/3.12 aiohttp/3.13.2"
195.178.110.201 - - [14/Dec/2025:09:33:57 -0500] "GET /aws.config.js HTTP/1.1" 404 557 "-" "Python/3.12 aiohttp/3.13.2"
74.7.227.187 - - [14/Dec/2025:09:34:00 -0500] "GET /uploads/large/sym404/root/proc/276/net/stat/?C=M;O=A HTTP/1.1" 404 557 "-" "Mozilla/5.0 AppleWebKit/537.36 (KHTML, like Gecko; compatible; GPTBot/1.3; +https://openai.com/gptbot)"
74.7.227.187 - - [14/Dec/2025:09:34:03 -0500] "GET /uploads/large/sym404/root/proc/276/net/stat/?C=N;O=D HTTP/1.1" 404 557 "-" "Mozilla/5.0 AppleWebKit/537.36 (KHTML, like Gecko; compatible; GPTBot/1.3; +https://openai.com/gptbot)"
74.7.227.187 - - [14/Dec/2025:09:34:06 -0500] "GET /uploads/large/sym404/root/proc/279/net/stat/?C=S;O=A HTTP/1.1" 404 557 "-" "Mozilla/5.0 AppleWebKit/537.36 (KHTML, like Gecko; compatible; GPTBot/1.3; +https://openai.com/gptbot)"
74.7.227.187 - - [14/Dec/2025:09:34:09 -0500] "GET /uploads/large/sym404/root/proc/278/net/stat/?C=M;O=A HTTP/1.1" 404 557 "-" "Mozilla/5.0 AppleWebKit/537.36 (KHTML, like Gecko; compatible; GPTBot/1.3; +https://openai.com/gptbot)"
74.7.227.187 - - [14/Dec/2025:09:34:12 -0500] "GET /uploads/large/sym404/root/proc/629/net/stat/?C=N;O=D HTTP/1.1" 404 557 "-" "Mozilla/5.0 AppleWebKit/537.36 (KHTML, like Gecko; compatible; GPTBot/1.3; +https://openai.com/gptbot)"
74.7.227.187 - - [14/Dec/2025:09:34:15 -0500] "GET /uploads/large/sym404/root/proc/275/net/stat/?C=S;O=A HTTP/1.1" 404 557 "-" "Mozilla/5.0 AppleWebKit/537.36 (KHTML, like Gecko; compatible; GPTBot/1.3; +https://openai.com/gptbot)"
195.178.110.201 - - [14/Dec/2025:09:34:17 -0500] "GET /%22https:/jpewexports.com/js/jquery-migrate-1.2.1.min.js%22 HTTP/1.1" 404 557 "-" "Python/3.12 aiohttp/3.13.2"
195.178.110.201 - - [14/Dec/2025:09:34:17 -0500] "GET /js/jquery.cj-swipe.js HTTP/1.1" 200 3931 "-" "Python/3.12 aiohttp/3.13.2"
195.178.110.201 - - [14/Dec/2025:09:34:17 -0500] "GET /js/common.js HTTP/1.1" 200 12216 "-" "Python/3.12 aiohttp/3.13.2"
195.178.110.201 - - [14/Dec/2025:09:34:17 -0500] "GET /%22https:/jpewexports.com/js/jquery.jcarousellite.js%22 HTTP/1.1" 404 557 "-" "Python/3.12 aiohttp/3.13.2"
74.7.227.187 - - [14/Dec/2025:09:34:19 -0500] "GET /uploads/large/sym404/root/proc/513/net/stat/?C=S;O=A HTTP/1.1" 404 557 "-" "Mozilla/5.0 AppleWebKit/537.36 (KHTML, like Gecko; compatible; GPTBot/1.3; +https://openai.com/gptbot)"
74.7.227.187 - - [14/Dec/2025:09:34:22 -0500] "GET /uploads/large/sym404/root/proc/283/net/stat/?C=M;O=A HTTP/1.1" 404 557 "-" "Mozilla/5.0 AppleWebKit/537.36 (KHTML, like Gecko; compatible; GPTBot/1.3; +https://openai.com/gptbot)"
74.7.227.187 - - [14/Dec/2025:09:34:25 -0500] "GET /uploads/large/sym404/root/proc/273/net/stat/?C=S;O=A HTTP/1.1" 404 557 "-" "Mozilla/5.0 AppleWebKit/537.36 (KHTML, like Gecko; compatible; GPTBot/1.3; +https://openai.com/gptbot)"
74.7.227.187 - - [14/Dec/2025:09:34:28 -0500] "GET /uploads/large/sym404/root/proc/279/net/stat/?C=N;O=D HTTP/1.1" 404 557 "-" "Mozilla/5.0 AppleWebKit/537.36 (KHTML, like Gecko; compatible; GPTBot/1.3; +https://openai.com/gptbot)"
74.7.227.187 - - [14/Dec/2025:09:34:31 -0500] "GET /uploads/large/sym404/root/proc/276/net/stat/?C=S;O=A HTTP/1.1" 404 557 "-" "Mozilla/5.0 AppleWebKit/537.36 (KHTML, like Gecko; compatible; GPTBot/1.3; +https://openai.com/gptbot)"
195.178.110.201 - - [14/Dec/2025:09:34:31 -0500] "GET /%22https:/jpewexports.com/css/sop/jquery.jcarousel.min.js%22 HTTP/1.1" 404 557 "-" "Python/3.12 aiohttp/3.13.2"
195.178.110.201 - - [14/Dec/2025:09:34:31 -0500] "GET /%22https:/jpewexports.com/js/jquery.cj-swipe.js%22 HTTP/1.1" 404 557 "-" "Python/3.12 aiohttp/3.13.2"
195.178.110.201 - - [14/Dec/2025:09:34:31 -0500] "GET /%22https:/jpewexports.com/js/jquery.autocomplete.js%22 HTTP/1.1" 404 557 "-" "Python/3.12 aiohttp/3.13.2"
195.178.110.201 - - [14/Dec/2025:09:34:31 -0500] "GET /%22https:/jpewexports.com/js/superfish-modified.js%22 HTTP/1.1" 404 557 "-" "Python/3.12 aiohttp/3.13.2"
74.7.227.187 - - [14/Dec/2025:09:34:34 -0500] "GET /uploads/large/sym404/root/proc/256/net/stat/?C=M;O=A HTTP/1.1" 404 557 "-" "Mozilla/5.0 AppleWebKit/537.36 (KHTML, like Gecko; compatible; GPTBot/1.3; +https://openai.com/gptbot)"
74.7.227.187 - - [14/Dec/2025:09:34:38 -0500] "GET /uploads/large/sym404/root/proc/631/net/stat/?C=S;O=A HTTP/1.1" 404 557 "-" "Mozilla/5.0 AppleWebKit/537.36 (KHTML, like Gecko; compatible; GPTBot/1.3; +https://openai.com/gptbot)"
74.7.227.187 - - [14/Dec/2025:09:34:41 -0500] "GET /uploads/large/sym404/root/proc/279/net/stat/?C=M;O=A HTTP/1.1" 404 557 "-" "Mozilla/5.0 AppleWebKit/537.36 (KHTML, like Gecko; compatible; GPTBot/1.3; +https://openai.com/gptbot)"
74.7.227.187 - - [14/Dec/2025:09:34:44 -0500] "GET /uploads/large/sym404/root/proc/513/net/stat/?C=N;O=D HTTP/1.1" 404 557 "-" "Mozilla/5.0 AppleWebKit/537.36 (KHTML, like Gecko; compatible; GPTBot/1.3; +https://openai.com/gptbot)"
195.178.110.201 - - [14/Dec/2025:09:34:46 -0500] "GET /js/superfish-modified.js HTTP/1.1" 200 7301 "-" "Python/3.12 aiohttp/3.13.2"
195.178.110.201 - - [14/Dec/2025:09:34:46 -0500] "GET /%22https:/jpewexports.com/css/sop/jquery.js%22 HTTP/1.1" 404 557 "-" "Python/3.12 aiohttp/3.13.2"
195.178.110.201 - - [14/Dec/2025:09:34:46 -0500] "GET /%22https:/jpewexports.com/js/spblocktopmenu.js%22 HTTP/1.1" 404 557 "-" "Python/3.12 aiohttp/3.13.2"
195.178.110.201 - - [14/Dec/2025:09:34:47 -0500] "GET /js/jquery.bxslider.js HTTP/1.1" 200 18806 "-" "Python/3.12 aiohttp/3.13.2"
195.178.110.201 - - [14/Dec/2025:09:34:47 -0500] "GET /js/homeslider1.js HTTP/1.1" 200 1027 "-" "Python/3.12 aiohttp/3.13.2"
195.178.110.201 - - [14/Dec/2025:09:34:47 -0500] "GET /%22https:/jpewexports.com/js/jquery-1.11.0.min.js%22 HTTP/1.1" 404 557 "-" "Python/3.12 aiohttp/3.13.2"
195.178.110.201 - - [14/Dec/2025:09:34:47 -0500] "GET /%22https:/jpewexports.com/js/owl.carousel1.js%22 HTTP/1.1" 404 557 "-" "Python/3.12 aiohttp/3.13.2"
195.178.110.201 - - [14/Dec/2025:09:34:47 -0500] "GET /js/jquery.jcarousellite.js HTTP/1.1" 200 12564 "-" "Python/3.12 aiohttp/3.13.2"
195.178.110.201 - - [14/Dec/2025:09:34:47 -0500] "GET /js/owl.carousel1.js HTTP/1.1" 200 99448 "-" "Python/3.12 aiohttp/3.13.2"
195.178.110.201 - - [14/Dec/2025:09:34:47 -0500] "GET /%22https:/jpewexports.com/css/sop/jcarousel.responsive.js%22 HTTP/1.1" 404 557 "-" "Python/3.12 aiohttp/3.13.2"
74.7.227.187 - - [14/Dec/2025:09:34:47 -0500] "GET /uploads/large/sym404/root/proc/281/net/stat/?C=M;O=A HTTP/1.1" 404 557 "-" "Mozilla/5.0 AppleWebKit/537.36 (KHTML, like Gecko; compatible; GPTBot/1.3; +https://openai.com/gptbot)"
195.178.110.201 - - [14/Dec/2025:09:34:47 -0500] "GET /js/spblocktopmenu.js HTTP/1.1" 200 3017 "-" "Python/3.12 aiohttp/3.13.2"
195.178.110.201 - - [14/Dec/2025:09:34:47 -0500] "GET /%22https:/jpewexports.com/js/homeslider1.js%22 HTTP/1.1" 404 557 "-" "Python/3.12 aiohttp/3.13.2"
195.178.110.201 - - [14/Dec/2025:09:34:46 -0500] "GET /css/sop/jquery.js HTTP/1.1" 200 397046 "-" "Python/3.12 aiohttp/3.13.2"
195.178.110.201 - - [14/Dec/2025:09:34:48 -0500] "GET /js/slider1.js HTTP/1.1" 200 12792 "-" "Python/3.12 aiohttp/3.13.2"
195.178.110.201 - - [14/Dec/2025:09:34:48 -0500] "GET /%22https:/jpewexports.com/js/homeslider.js%22 HTTP/1.1" 404 557 "-" "Python/3.12 aiohttp/3.13.2"
195.178.110.201 - - [14/Dec/2025:09:34:49 -0500] "GET /js/jquery.autocomplete.js HTTP/1.1" 200 20330 "-" "Python/3.12 aiohttp/3.13.2"
195.178.110.201 - - [14/Dec/2025:09:34:49 -0500] "GET /css/sop/jquery.jcarousel.min.js HTTP/1.1" 200 18123 "-" "Python/3.12 aiohttp/3.13.2"
195.178.110.201 - - [14/Dec/2025:09:34:49 -0500] "GET /css/sop/jcarousel.responsive.js HTTP/1.1" 200 1437 "-" "Python/3.12 aiohttp/3.13.2"
195.178.110.201 - - [14/Dec/2025:09:34:49 -0500] "GET /%22https:/jpewexports.com/js/backtotop.js%22 HTTP/1.1" 404 557 "-" "Python/3.12 aiohttp/3.13.2"
74.7.227.187 - - [14/Dec/2025:09:34:50 -0500] "GET /uploads/large/sym404/root/proc/253/net/stat/?C=M;O=A HTTP/1.1" 404 557 "-" "Mozilla/5.0 AppleWebKit/537.36 (KHTML, like Gecko; compatible; GPTBot/1.3; +https://openai.com/gptbot)"
195.178.110.201 - - [14/Dec/2025:09:34:50 -0500] "GET /%22https:/oss.maxcdn.com/libs/respond.js/1.3.0/respond.min.js%22 HTTP/1.1" 404 557 "-" "Python/3.12 aiohttp/3.13.2"
195.178.110.201 - - [14/Dec/2025:09:34:50 -0500] "GET /js/homeslider.js HTTP/1.1" 200 1028 "-" "Python/3.12 aiohttp/3.13.2"
195.178.110.201 - - [14/Dec/2025:09:34:50 -0500] "GET /%22https:/jpewexports.com/js/jquery.bxslider.js%22 HTTP/1.1" 404 557 "-" "Python/3.12 aiohttp/3.13.2"
195.178.110.201 - - [14/Dec/2025:09:34:50 -0500] "GET /js/jquery-1.11.0.min.js HTTP/1.1" 200 96302 "-" "Python/3.12 aiohttp/3.13.2"
74.7.227.187 - - [14/Dec/2025:09:34:53 -0500] "GET /uploads/large/sym404/root/proc/256/net/stat/?C=S;O=A HTTP/1.1" 404 557 "-" "Mozilla/5.0 AppleWebKit/537.36 (KHTML, like Gecko; compatible; GPTBot/1.3; +https://openai.com/gptbot)"
74.7.227.187 - - [14/Dec/2025:09:34:56 -0500] "GET /uploads/large/sym404/root/proc/631/net/stat/?C=M;O=A HTTP/1.1" 404 557 "-" "Mozilla/5.0 AppleWebKit/537.36 (KHTML, like Gecko; compatible; GPTBot/1.3; +https://openai.com/gptbot)"
74.7.227.187 - - [14/Dec/2025:09:34:59 -0500] "GET /uploads/large/sym404/root/proc/251/net/stat/?C=M;O=A HTTP/1.1" 404 557 "-" "Mozilla/5.0 AppleWebKit/537.36 (KHTML, like Gecko; compatible; GPTBot/1.3; +https://openai.com/gptbot)"
74.7.227.187 - - [14/Dec/2025:09:35:03 -0500] "GET /uploads/large/sym404/root/proc/273/net/stat/?C=N;O=D HTTP/1.1" 404 557 "-" "Mozilla/5.0 AppleWebKit/537.36 (KHTML, like Gecko; compatible; GPTBot/1.3; +https://openai.com/gptbot)"
74.7.227.187 - - [14/Dec/2025:09:35:06 -0500] "GET /uploads/large/sym404/root/proc/513/net/stat/?C=M;O=A HTTP/1.1" 404 557 "-" "Mozilla/5.0 AppleWebKit/537.36 (KHTML, like Gecko; compatible; GPTBot/1.3; +https://openai.com/gptbot)"
74.7.227.187 - - [14/Dec/2025:09:35:09 -0500] "GET /uploads/large/sym404/root/proc/283/net/stat/?C=S;O=A HTTP/1.1" 404 557 "-" "Mozilla/5.0 AppleWebKit/537.36 (KHTML, like Gecko; compatible; GPTBot/1.3; +https://openai.com/gptbot)"
74.7.227.187 - - [14/Dec/2025:09:35:12 -0500] "GET /uploads/large/sym404/root/proc/275/net/stat/?C=N;O=D HTTP/1.1" 404 557 "-" "Mozilla/5.0 AppleWebKit/537.36 (KHTML, like Gecko; compatible; GPTBot/1.3; +https://openai.com/gptbot)"
74.7.227.187 - - [14/Dec/2025:09:35:15 -0500] "GET /uploads/large/sym404/root/proc/568/net/stat/?C=M;O=A HTTP/1.1" 404 557 "-" "Mozilla/5.0 AppleWebKit/537.36 (KHTML, like Gecko; compatible; GPTBot/1.3; +https://openai.com/gptbot)"
74.7.227.187 - - [14/Dec/2025:09:35:18 -0500] "GET /uploads/large/sym404/root/proc/273/net/stat/?C=M;O=A HTTP/1.1" 404 557 "-" "Mozilla/5.0 AppleWebKit/537.36 (KHTML, like Gecko; compatible; GPTBot/1.3; +https://openai.com/gptbot)"
195.178.110.201 - - [14/Dec/2025:09:35:20 -0500] "GET /js/spblocksearch.js HTTP/1.1" 200 2856 "-" "Python/3.12 aiohttp/3.13.2"
195.178.110.201 - - [14/Dec/2025:09:35:20 -0500] "GET /%22https:/jpewexports.com/js/spblocksearch.js%22 HTTP/1.1" 404 557 "-" "Python/3.12 aiohttp/3.13.2"
195.178.110.201 - - [14/Dec/2025:09:35:20 -0500] "GET /%22https:/oss.maxcdn.com/libs/html5shiv/3.7.0/html5shiv.js%22 HTTP/1.1" 404 557 "-" "Python/3.12 aiohttp/3.13.2"
195.178.110.201 - - [14/Dec/2025:09:35:20 -0500] "GET /js/backtotop.js HTTP/1.1" 200 555 "-" "Python/3.12 aiohttp/3.13.2"
195.178.110.201 - - [14/Dec/2025:09:35:20 -0500] "GET /%22http:/netdna.bootstrapcdn.com/bootstrap/3.0.0/js/bootstrap.min.js%22 HTTP/1.1" 404 557 "-" "Python/3.12 aiohttp/3.13.2"
195.178.110.201 - - [14/Dec/2025:09:35:20 -0500] "GET /'https:/jpewexports.com/js/common.js' HTTP/1.1" 404 557 "-" "Python/3.12 aiohttp/3.13.2"
195.178.110.201 - - [14/Dec/2025:09:35:21 -0500] "GET /js/jquery-migrate-1.2.1.min.js HTTP/1.1" 200 7087 "-" "Python/3.12 aiohttp/3.13.2"
74.7.227.187 - - [14/Dec/2025:09:35:22 -0500] "GET /uploads/large/sym404/root/proc/278/net/stat/?C=S;O=A HTTP/1.1" 404 557 "-" "Mozilla/5.0 AppleWebKit/537.36 (KHTML, like Gecko; compatible; GPTBot/1.3; +https://openai.com/gptbot)"
195.178.110.201 - - [14/Dec/2025:09:35:25 -0500] "GET /%22https:/jpewexports.com/js/slider1.js%22 HTTP/1.1" 404 557 "-" "Python/3.12 aiohttp/3.13.2"
74.7.227.187 - - [14/Dec/2025:09:35:25 -0500] "GET /uploads/large/sym404/root/proc/251/net/stat/?C=N;O=D HTTP/1.1" 404 557 "-" "Mozilla/5.0 AppleWebKit/537.36 (KHTML, like Gecko; compatible; GPTBot/1.3; +https://openai.com/gptbot)"
74.7.227.187 - - [14/Dec/2025:09:35:28 -0500] "GET /uploads/large/sym404/root/proc/629/net/stat/?C=M;O=A HTTP/1.1" 404 557 "-" "Mozilla/5.0 AppleWebKit/537.36 (KHTML, like Gecko; compatible; GPTBot/1.3; +https://openai.com/gptbot)"
74.7.227.187 - - [14/Dec/2025:09:35:31 -0500] "GET /uploads/large/sym404/root/proc/278/net/stat/?C=N;O=D HTTP/1.1" 404 557 "-" "Mozilla/5.0 AppleWebKit/537.36 (KHTML, like Gecko; compatible; GPTBot/1.3; +https://openai.com/gptbot)"
74.7.227.187 - - [14/Dec/2025:09:35:34 -0500] "GET /uploads/large/sym404/root/proc/629/net/stat/?C=S;O=A HTTP/1.1" 404 557 "-" "Mozilla/5.0 AppleWebKit/537.36 (KHTML, like Gecko; compatible; GPTBot/1.3; +https://openai.com/gptbot)"
74.7.227.187 - - [14/Dec/2025:09:35:38 -0500] "GET /uploads/large/sym404/root/proc/253/net/stat/?C=N;O=D HTTP/1.1" 404 557 "-" "Mozilla/5.0 AppleWebKit/537.36 (KHTML, like Gecko; compatible; GPTBot/1.3; +https://openai.com/gptbot)"
74.7.227.187 - - [14/Dec/2025:09:35:41 -0500] "GET /uploads/large/sym404/root/proc/253/net/stat/?C=S;O=A HTTP/1.1" 404 557 "-" "Mozilla/5.0 AppleWebKit/537.36 (KHTML, like Gecko; compatible; GPTBot/1.3; +https://openai.com/gptbot)"
74.7.227.187 - - [14/Dec/2025:09:35:44 -0500] "GET /uploads/large/sym404/root/proc/281/net/stat/?C=S;O=A HTTP/1.1" 404 557 "-" "Mozilla/5.0 AppleWebKit/537.36 (KHTML, like Gecko; compatible; GPTBot/1.3; +https://openai.com/gptbot)"
74.7.227.187 - - [14/Dec/2025:09:35:47 -0500] "GET /uploads/large/sym404/root/proc/281/net/stat/?C=N;O=D HTTP/1.1" 404 557 "-" "Mozilla/5.0 AppleWebKit/537.36 (KHTML, like Gecko; compatible; GPTBot/1.3; +https://openai.com/gptbot)"
74.7.227.187 - - [14/Dec/2025:09:35:50 -0500] "GET /uploads/large/sym404/root/proc/256/net/stat/?C=N;O=D HTTP/1.1" 404 557 "-" "Mozilla/5.0 AppleWebKit/537.36 (KHTML, like Gecko; compatible; GPTBot/1.3; +https://openai.com/gptbot)"
74.7.227.187 - - [14/Dec/2025:09:35:53 -0500] "GET /uploads/large/sym404/root/proc/283/net/stat/?C=N;O=D HTTP/1.1" 404 557 "-" "Mozilla/5.0 AppleWebKit/537.36 (KHTML, like Gecko; compatible; GPTBot/1.3; +https://openai.com/gptbot)"
74.7.227.187 - - [14/Dec/2025:09:35:56 -0500] "GET /uploads/large/sym404/root/proc/251/net/stat/?C=S;O=A HTTP/1.1" 404 557 "-" "Mozilla/5.0 AppleWebKit/537.36 (KHTML, like Gecko; compatible; GPTBot/1.3; +https://openai.com/gptbot)"
74.7.227.187 - - [14/Dec/2025:09:36:00 -0500] "GET /uploads/large/sym404/root/proc/275/net/stat/?C=M;O=A HTTP/1.1" 404 557 "-" "Mozilla/5.0 AppleWebKit/537.36 (KHTML, like Gecko; compatible; GPTBot/1.3; +https://openai.com/gptbot)"
74.7.227.187 - - [14/Dec/2025:09:36:03 -0500] "GET /uploads/large/sym404/root/proc/631/net/stat/?C=N;O=D HTTP/1.1" 404 557 "-" "Mozilla/5.0 AppleWebKit/537.36 (KHTML, like Gecko; compatible; GPTBot/1.3; +https://openai.com/gptbot)"
74.7.227.187 - - [14/Dec/2025:09:36:06 -0500] "GET /uploads/large/sym404/root/proc/24/?C=M;O=A HTTP/1.1" 404 557 "-" "Mozilla/5.0 AppleWebKit/537.36 (KHTML, like Gecko; compatible; GPTBot/1.3; +https://openai.com/gptbot)"
74.7.227.187 - - [14/Dec/2025:09:36:09 -0500] "GET /uploads/large/sym404/root/proc/40/?C=S;O=A HTTP/1.1" 404 557 "-" "Mozilla/5.0 AppleWebKit/537.36 (KHTML, like Gecko; compatible; GPTBot/1.3; +https://openai.com/gptbot)"
74.7.227.187 - - [14/Dec/2025:09:36:12 -0500] "GET /uploads/large/sym404/root/proc/34/?C=S;O=A HTTP/1.1" 404 557 "-" "Mozilla/5.0 AppleWebKit/537.36 (KHTML, like Gecko; compatible; GPTBot/1.3; +https://openai.com/gptbot)"
74.7.227.187 - - [14/Dec/2025:09:36:15 -0500] "GET /uploads/large/sym404/root/proc/42/?C=N;O=D HTTP/1.1" 404 557 "-" "Mozilla/5.0 AppleWebKit/537.36 (KHTML, like Gecko; compatible; GPTBot/1.3; +https://openai.com/gptbot)"
74.7.227.187 - - [14/Dec/2025:09:36:18 -0500] "GET /uploads/large/sym404/root/proc/14/?C=M;O=A HTTP/1.1" 404 557 "-" "Mozilla/5.0 AppleWebKit/537.36 (KHTML, like Gecko; compatible; GPTBot/1.3; +https://openai.com/gptbot)"
74.7.227.187 - - [14/Dec/2025:09:36:22 -0500] "GET /uploads/large/sym404/root/proc/54/?C=S;O=A HTTP/1.1" 404 557 "-" "Mozilla/5.0 AppleWebKit/537.36 (KHTML, like Gecko; compatible; GPTBot/1.3; +https://openai.com/gptbot)"
74.7.227.187 - - [14/Dec/2025:09:36:25 -0500] "GET /uploads/large/sym404/root/proc/34/?C=M;O=A HTTP/1.1" 404 557 "-" "Mozilla/5.0 AppleWebKit/537.36 (KHTML, like Gecko; compatible; GPTBot/1.3; +https://openai.com/gptbot)"
74.7.227.187 - - [14/Dec/2025:09:36:28 -0500] "GET /uploads/large/sym404/root/proc/54/?C=N;O=D HTTP/1.1" 404 557 "-" "Mozilla/5.0 AppleWebKit/537.36 (KHTML, like Gecko; compatible; GPTBot/1.3; +https://openai.com/gptbot)"
74.7.227.187 - - [14/Dec/2025:09:36:31 -0500] "GET /uploads/large/sym404/root/proc/14/?C=S;O=A HTTP/1.1" 404 557 "-" "Mozilla/5.0 AppleWebKit/537.36 (KHTML, like Gecko; compatible; GPTBot/1.3; +https://openai.com/gptbot)"
74.7.227.187 - - [14/Dec/2025:09:36:34 -0500] "GET /uploads/large/sym404/root/proc/42/?C=M;O=A HTTP/1.1" 404 557 "-" "Mozilla/5.0 AppleWebKit/537.36 (KHTML, like Gecko; compatible; GPTBot/1.3; +https://openai.com/gptbot)"
74.7.227.187 - - [14/Dec/2025:09:36:37 -0500] "GET /uploads/large/sym404/root/proc/43/?C=N;O=D HTTP/1.1" 404 557 "-" "Mozilla/5.0 AppleWebKit/537.36 (KHTML, like Gecko; compatible; GPTBot/1.3; +https://openai.com/gptbot)"
74.7.227.187 - - [14/Dec/2025:09:36:41 -0500] "GET /uploads/large/sym404/root/proc/30/?C=N;O=D HTTP/1.1" 404 557 "-" "Mozilla/5.0 AppleWebKit/537.36 (KHTML, like Gecko; compatible; GPTBot/1.3; +https://openai.com/gptbot)"
74.7.227.187 - - [14/Dec/2025:09:36:44 -0500] "GET /uploads/large/sym404/root/proc/34/?C=N;O=A HTTP/1.1" 404 557 "-" "Mozilla/5.0 AppleWebKit/537.36 (KHTML, like Gecko; compatible; GPTBot/1.3; +https://openai.com/gptbot)"
74.7.227.187 - - [14/Dec/2025:09:36:47 -0500] "GET /uploads/large/sym404/root/proc/41/?C=S;O=A HTTP/1.1" 404 557 "-" "Mozilla/5.0 AppleWebKit/537.36 (KHTML, like Gecko; compatible; GPTBot/1.3; +https://openai.com/gptbot)"
74.7.227.187 - - [14/Dec/2025:09:36:50 -0500] "GET /uploads/large/sym404/root/proc/55/?C=M;O=A HTTP/1.1" 404 557 "-" "Mozilla/5.0 AppleWebKit/537.36 (KHTML, like Gecko; compatible; GPTBot/1.3; +https://openai.com/gptbot)"
74.7.227.187 - - [14/Dec/2025:09:36:53 -0500] "GET /uploads/large/sym404/root/proc/54/?C=M;O=A HTTP/1.1" 404 557 "-" "Mozilla/5.0 AppleWebKit/537.36 (KHTML, like Gecko; compatible; GPTBot/1.3; +https://openai.com/gptbot)"
74.7.227.187 - - [14/Dec/2025:09:36:56 -0500] "GET /uploads/large/sym404/root/proc/40/?C=M;O=A HTTP/1.1" 404 557 "-" "Mozilla/5.0 AppleWebKit/537.36 (KHTML, like Gecko; compatible; GPTBot/1.3; +https://openai.com/gptbot)"
74.7.227.187 - - [14/Dec/2025:09:37:00 -0500] "GET /uploads/large/sym404/root/proc/42/?C=S;O=A HTTP/1.1" 404 557 "-" "Mozilla/5.0 AppleWebKit/537.36 (KHTML, like Gecko; compatible; GPTBot/1.3; +https://openai.com/gptbot)"
74.7.227.187 - - [14/Dec/2025:09:37:03 -0500] "GET /uploads/large/sym404/root/proc/24/?C=S;O=A HTTP/1.1" 404 557 "-" "Mozilla/5.0 AppleWebKit/537.36 (KHTML, like Gecko; compatible; GPTBot/1.3; +https://openai.com/gptbot)"
74.7.227.187 - - [14/Dec/2025:09:37:06 -0500] "GET /uploads/large/sym404/root/proc/33/?C=M;O=A HTTP/1.1" 404 557 "-" "Mozilla/5.0 AppleWebKit/537.36 (KHTML, like Gecko; compatible; GPTBot/1.3; +https://openai.com/gptbot)"
74.7.227.187 - - [14/Dec/2025:09:37:09 -0500] "GET /uploads/large/sym404/root/proc/30/?C=S;O=A HTTP/1.1" 404 557 "-" "Mozilla/5.0 AppleWebKit/537.36 (KHTML, like Gecko; compatible; GPTBot/1.3; +https://openai.com/gptbot)"
74.7.227.187 - - [14/Dec/2025:09:37:12 -0500] "GET /uploads/large/sym404/root/proc/30/?C=M;O=A HTTP/1.1" 404 557 "-" "Mozilla/5.0 AppleWebKit/537.36 (KHTML, like Gecko; compatible; GPTBot/1.3; +https://openai.com/gptbot)"
74.7.227.187 - - [14/Dec/2025:09:37:15 -0500] "GET /uploads/large/sym404/root/proc/43/?C=S;O=A HTTP/1.1" 404 557 "-" "Mozilla/5.0 AppleWebKit/537.36 (KHTML, like Gecko; compatible; GPTBot/1.3; +https://openai.com/gptbot)"
74.7.227.187 - - [14/Dec/2025:09:37:18 -0500] "GET /uploads/large/sym404/root/proc/41/?C=N;O=D HTTP/1.1" 404 557 "-" "Mozilla/5.0 AppleWebKit/537.36 (KHTML, like Gecko; compatible; GPTBot/1.3; +https://openai.com/gptbot)"
74.7.227.187 - - [14/Dec/2025:09:37:21 -0500] "GET /uploads/large/sym404/root/proc/11/?C=S;O=A HTTP/1.1" 404 557 "-" "Mozilla/5.0 AppleWebKit/537.36 (KHTML, like Gecko; compatible; GPTBot/1.3; +https://openai.com/gptbot)"
74.7.227.187 - - [14/Dec/2025:09:37:25 -0500] "GET /uploads/large/sym404/root/proc/43/?C=M;O=A HTTP/1.1" 404 557 "-" "Mozilla/5.0 AppleWebKit/537.36 (KHTML, like Gecko; compatible; GPTBot/1.3; +https://openai.com/gptbot)"
74.7.227.187 - - [14/Dec/2025:09:37:28 -0500] "GET /uploads/large/sym404/root/proc/11/?C=M;O=A HTTP/1.1" 404 557 "-" "Mozilla/5.0 AppleWebKit/537.36 (KHTML, like Gecko; compatible; GPTBot/1.3; +https://openai.com/gptbot)"
74.7.227.187 - - [14/Dec/2025:09:37:31 -0500] "GET /uploads/large/sym404/root/proc/11/?C=N;O=D HTTP/1.1" 404 557 "-" "Mozilla/5.0 AppleWebKit/537.36 (KHTML, like Gecko; compatible; GPTBot/1.3; +https://openai.com/gptbot)"
74.7.227.187 - - [14/Dec/2025:09:37:34 -0500] "GET /uploads/large/sym404/root/proc/40/?C=N;O=D HTTP/1.1" 404 557 "-" "Mozilla/5.0 AppleWebKit/537.36 (KHTML, like Gecko; compatible; GPTBot/1.3; +https://openai.com/gptbot)"
74.7.227.187 - - [14/Dec/2025:09:37:37 -0500] "GET /uploads/large/sym404/root/proc/24/?C=N;O=D HTTP/1.1" 404 557 "-" "Mozilla/5.0 AppleWebKit/537.36 (KHTML, like Gecko; compatible; GPTBot/1.3; +https://openai.com/gptbot)"
74.7.227.187 - - [14/Dec/2025:09:37:40 -0500] "GET /uploads/large/sym404/root/proc/55/?C=S;O=A HTTP/1.1" 404 557 "-" "Mozilla/5.0 AppleWebKit/537.36 (KHTML, like Gecko; compatible; GPTBot/1.3; +https://openai.com/gptbot)"
74.7.227.187 - - [14/Dec/2025:09:37:44 -0500] "GET /uploads/large/sym404/root/proc/33/?C=N;O=D HTTP/1.1" 404 557 "-" "Mozilla/5.0 AppleWebKit/537.36 (KHTML, like Gecko; compatible; GPTBot/1.3; +https://openai.com/gptbot)"
74.7.227.187 - - [14/Dec/2025:09:37:47 -0500] "GET /uploads/large/sym404/root/proc/55/?C=N;O=D HTTP/1.1" 404 557 "-" "Mozilla/5.0 AppleWebKit/537.36 (KHTML, like Gecko; compatible; GPTBot/1.3; +https://openai.com/gptbot)"
74.7.227.187 - - [14/Dec/2025:09:37:50 -0500] "GET /uploads/large/sym404/root/proc/14/?C=N;O=D HTTP/1.1" 404 557 "-" "Mozilla/5.0 AppleWebKit/537.36 (KHTML, like Gecko; compatible; GPTBot/1.3; +https://openai.com/gptbot)"
74.7.227.187 - - [14/Dec/2025:09:37:53 -0500] "GET /uploads/large/sym404/root/proc/10/?C=N;O=D HTTP/1.1" 404 557 "-" "Mozilla/5.0 AppleWebKit/537.36 (KHTML, like Gecko; compatible; GPTBot/1.3; +https://openai.com/gptbot)"
